ist the prime factors of 1 - 2 - (-33 - 6).
2, 19
Let n(s) = -s**3 + s**2 + s + 71. What are the prime factors of n(0)?
71
Let y(z) = z**2 + 2*z + 1. Let d be y(-1). Suppose -4*l + 8*l - 52 = d. What are the prime factors of l?
13
Let b be (-6)/(-9) - (-23)/(-3). Suppose -2*w + 3 + 21 = 0. Let f = w + b. What are the prime factors of f?
5
Suppose -3*r - 5 = 10. List the prime factors of (-42)/(-5) + (-3)/r.
3
Let n = -22 + 46. List the prime factors of (-100)/15*n/(-10).
2
Suppose 5*b + 0*y - y - 18 = 0, -2*y = -4. Let i(m) = -2*m**3 - 4*m + m**3 + 0*m**3 + 6*m**2 - 3. List the prime factors of i(b).
13
Suppose 0 = -7*u + 579 + 121. List the prime factors of u.
2, 5
Let v = 223 + -65. What are the prime factors of v?
2, 79
Let y = -6 - -34. Suppose 2*k - 14 = y. List the prime factors of k.
3, 7
Let r(a) = -a**3 + 9*a**2 + 2*a + 7. List the prime factors of r(7).
7, 17
Suppose 0 = -0*v - v + 18. Let q(r) = 5*r - 4. Let y be q(1). What are the prime factors of (1 + y)/(2/v)?
2, 3
List the prime factors of (9/(-6))/(6/(-116)).
29
Suppose 0 = -l - 3*n - 34, 4*l + 5*n + 120 = 19. Let a = l + 40. Let c = a - 12. List the prime factors of c.
3
Let h = 18 + -16. List the prime factors of (-1)/2*(h + -40).
19
Let v(w) = 4*w**2 + w**3 + 0*w**3 + 3 - 3*w**2. What are the prime factors of v(0)?
3
Let n be 11 + -1 + 0 + 0. Suppose -n*g = -3*g - 259. What are the prime factors of g?
37
Suppose 3*w - 3*x + 15 = 0, 16 = -4*w + 2*x + x. List the prime factors of w/(-4) + 138/24.
2, 3
Suppose -2*s + 9*s = 273. What are the prime factors of s?
3, 13
Suppose 28*y - 748 = 24*y. List the prime factors of y.
11, 17
Let l be (-1 - 4)*(-4 + -1). Suppose 3*i - l - 17 = 0. List the prime factors of i.
2, 7
Let n(z) = z**3 + 8*z**2 - 7 - 4*z - 2*z - 7*z. Let w be n(-9). Suppose -s - t + 6*t = 23, w = 2*s + 5*t. List the prime factors of s.
2
Let u(q) = 16*q**2 + 3*q + 5. What are the prime factors of u(-2)?
3, 7
Suppose 17*a = 25*a - 616. What are the prime factors of a?
7, 11
Let k(a) = -a - 2. Let p be k(-6). Suppose -4*j - n + 16 = 0, 4*j - 3*j + 2*n = p. Suppose -c - 21 = -j*c. List the prime factors of c.
7
Let j be (9/6 + -3)*-2. Suppose -3*r = 2*d + 2, j*r + 24 - 2 = 2*d. List the prime factors of d.
5
What are the prime factors of (-2)/3*(0 + -246)?
2, 41
What are the prime factors of (-312)/(-9) - 9/(-27)?
5, 7
Let s(t) = -4*t + 8. List the prime factors of s(-10).
2, 3
Suppose -3*s - 4*q = -14, 4*s + 3*q = q + 12. Let w(n) = n**2 + 2*n - 1. What are the prime factors of w(s)?
7
List the prime factors of (-33)/(3/2*2/(-3)).
3, 11
Suppose -o - 4*p + 8 = 2, -48 = -2*o + p. What are the prime factors of o?
2, 11
Let z = 1 - 2. Suppose 2*d = -3*d - 30. Let r = z - d. What are the prime factors of r?
5
What are the prime factors of (-21 - -16)*14/(-5)?
2, 7
Suppose 0 = j - 1 - 14. Suppose 3*s - j - 6 = 0. What are the prime factors of s?
7
Let n(a) = 6*a**2 + 6. List the prime factors of n(3).
2, 3, 5
Let l(x) = -x**3 - 3*x**2 - 7*x - 5. Let q be l(-5). Suppose 5*u = 10*u - q. What are the prime factors of u?
2
Let f(m) = -m**2 + m**3 + 0*m**2 + 1 - 15. Let z be f(0). Let d = 25 + z. What are the prime factors of d?
11
Let w(y) = 3*y**2 + 2*y + 3. Let b(l) = -3*l**2 - l - 4. Let g(m) = 5*b(m) + 6*w(m). List the prime factors of g(-5).
2, 19
Let f(o) = o + 4. Let g be f(-4). Suppose -2*h = -g*h. Suppose h = -3*c + 5*c, -2*c + 16 = 4*u. What are the prime factors of u?
2
Suppose -4*u = -8*u - 16. Let n = 7 + u. Suppose n*d + 6*r - 33 = 3*r, -4*d + 2*r = -32. List the prime factors of d.
3
Let k be (-1)/(-3 - -4) - -61. Let s = k + -21. What are the prime factors of s?
3, 13
Let p = 316 - 221. What are the prime factors of p?
5, 19
Suppose -4*q + 59 = 5*z, 2*z + 3*q - 2*q = 26. What are the prime factors of z?
3, 5
Suppose -42 = -3*u + u. List the prime factors of u.
3, 7
What are the prime factors of (-10626)/(-189) - 4/18?
2, 7
Let x be (2 + (-4 - -2))/1. Suppose x = -9*i + 7*i + 28. What are the prime factors of i?
2, 7
Suppose d + 10 = 73. Let w(g) = g**3 + 4*g**2 - 5*g + 2. Let m be w(-5). Suppose -m*q - q = 4*x - d, -q = -5. List the prime factors of x.
2, 3
Let g(k) = -3*k + 1. Let b be g(6). Let n = 33 + b. What are the prime factors of n?
2
Let a = 7 - 15. Let y = a + 9. List the prime factors of 66/8 + y/(-4).
2
Let w = 0 + 5. Suppose w = 5*u - 50. What are the prime factors of (u + 0)*(1 + 0)?
11
Let c be 22/4 - (-2)/4. Suppose 0 = -5*h + c + 9. Suppose h*w - 3*s - 27 = 0, 0 = 4*w + 3*s - 1. List the prime factors of w.
2
What are the prime factors of 3 - (-1324)/12*3?
2, 167
Suppose -28 = -w + 108. Suppose 6*f - w = 2*f. List the prime factors of (-2)/(-10) - f/(-5).
7
Suppose -91 - 1 = 4*l. Let u = l + 60. Let i = -24 + u. List the prime factors of i.
13
Let z(p) = -p**3 + 12*p**2 + 18*p - 19. What are the prime factors of z(13)?
2, 23
Suppose -5*n = -3*y + 334, y - 78 - 52 = -3*n. List the prime factors of y.
2, 59
Suppose 8*x = 3*x. Suppose 3*m - 4*l - 6 - 86 = x, -l = -4*m + 114. What are the prime factors of m?
2, 7
Let h(r) = -r**3 - r**2 + 4. Let c be h(0). Let j(m) = m**2 - 2*m - 3. What are the prime factors of j(c)?
5
Let h = -27 - -72. List the prime factors of h.
3, 5
Suppose -7*m = -2*k - 2*m + 22, 0 = 2*m. What are the prime factors of k?
11
Let i(n) = 22*n**2 - n - 1. Let v(p) = -p**2 - 6*p + 6. Let k be v(-7). What are the prime factors of i(k)?
2, 11
Suppose -2*t - t - 4*x = 5, 5*x + 5 = -5*t. Let j = t + 3. Suppose j*n = -n + 15. What are the prime factors of n?
3
Suppose 0 = 3*n - 2*u - 14, n - u + 2 = 7. Suppose 1 - 125 = -n*v. List the prime factors of v.
31
List the prime factors of 10/(-2) + (209 - 11).
193
Let o(x) = 10*x**2 + 13*x - 1. List the prime factors of o(4).
211
Let n(k) = -k**3 + 4*k**2 - 2*k + 2. Let b be n(3). Suppose -2*y - 2*l - 1 = -3, l + 29 = b*y. Suppose 32 = y*j - j. List the prime factors of j.
2
Suppose 91 = x + 3*t, 4*x + t = -0*t + 375. What are the prime factors of x?
2, 47
Let b(s) = 26*s - 17. List the prime factors of b(6).
139
Let f = -2 - -10. List the prime factors of f.
2
Suppose -3*d + 2 = z, 5*d - 30 = -2*z + 7*z. Suppose d*s = -o + 13, 2*o = -5*s - 5 + 33. List the prime factors of o.
3
Suppose 2*b = b. Suppose -2*x - 2*x + 56 = b. What are the prime factors of x?
2, 7
Suppose 0 = -l - w + 3, -2*l + 4*w = 2*w + 6. Suppose l = -o + 4*o - 39. What are the prime factors of o?
13
Suppose 0 = 5*m - 6 - 9, 2*s - 3*m = -433. Let c = s + 303. Suppose 23 = -4*t + c. List the prime factors of t.
17
Let i be (-3)/2*90/(-27). Suppose -2*v - 3*v + 130 = -y, 3*v + i*y = 106. List the prime factors of v.
3
Let i = 233 + 4. What are the prime factors of i?
3, 79
What are the prime factors of ((-10)/15)/(3/(-189))?
2, 3, 7
List the prime factors of 2 - -13 - (2 + -6).
19
Let m = 2 - 3. Suppose 3*v - 3*u = -24, -2*u + 3*u = 5. Let f = m - v. List the prime factors of f.
2
Suppose 2*i + 5*m = -19, i + 3*m = -4*i. Suppose 4*d + x = -7, -2*d - x + i = 6. Let s(t) = t**2 - t + 2. List the prime factors of s(d).
2
Let i = -59 + 78. What are the prime factors of i?
19
Suppose -4 = a - 8. Suppose 3*p - a*u = 4*p + 8, -5*p - 2 = u. Suppose p = -3*d + 10 + 11. What are the prime factors of d?
7
Suppose 4*p = 2*p - 4*n + 36, 2*n = -5*p + 122. What are the prime factors of p?
2, 13
What are the prime factors of 2/(-27)*-3 - (-5392)/36?
2, 3, 5
Let k(p) = -2*p**3 - 5*p**2 + p - 5. List the prime factors of k(-4).
3, 13
Let y be -3*(-3 + 4 - 2). Let v be (y - 6 - -1)*2. What are the prime factors of ((-4)/v)/((-3)/(-21))?
7
Suppose -2*h - 2*h + 884 = 3*o, 5*h = -2*o + 1105. List the prime factors of h.
13, 17
Let d(u) = 4*u + 5. Suppose 0 = w - 2*w + 6. List the prime factors of d(w).
29
Suppose 3*l + 7 + 20 = 0. Let i be (-1)/(l/12)*6. Suppose -3*h + i*h = 45. What are the prime factors of h?
3
Let u(n) = 14*n + 2. Let f be u(4). Suppose -h = -4*h + 18. Suppose 0 = -5*x - 3*l + f, x + 56 = h*x + l. What are the prime factors of x?
11
Suppose -5*m + 46 + 19 = 0. What are the prime factors of m?
13
Suppose -m - 5*u + 151 = m, 0 = -5*u - 5. What are the prime factors of m?
2, 3, 13
Let u = 5 - 0. Suppose 34 = 5*x + 3*z - 14, -x = -u*z - 4. List the prime factors of x.
3
Let v = 4 + -6. Let d be (-4)/3*3/v. What are the prime f